ime?
True
Is 47482040335 a composite number?
True
Is 1483984937 a prime number?
False
Is 110628644239 prime?
False
Is 1470942701 a prime number?
False
Is 3551380303 composite?
True
Is 94314131213 prime?
True
Is 254474023 a composite number?
False
Is 392599663 prime?
True
Is 8489489641 a composite number?
False
Is 103327049807 prime?
True
Is 2351344439 prime?
True
Is 38034344345 a composite number?
True
Is 3403825613 prime?
False
Is 2477359057 composite?
True
Is 6379822693 composite?
False
Is 216979992722 composite?
True
Is 3738418573 prime?
False
Is 1078672793 a prime number?
False
Is 3548865427 a prime number?
True
Is 3670735703 a prime number?
True
Is 8520225923 a composite number?
True
Is 948134909 a prime number?
False
Is 2035486339 a composite number?
False
Is 37964256901 prime?
False
Is 65754908111 a composite number?
True
Is 35739511597 a composite number?
False
Is 2461238141 composite?
True
Is 1085507201 composite?
True
Is 63160706347 prime?
True
Is 2505993263 a composite number?
False
Is 57918737089 prime?
False
Is 5180890321 a composite number?
False
Is 1029173143 a prime number?
True
Is 71913581 a prime number?
True
Is 36289278107 prime?
True
Is 150593483 composite?
False
Is 4335301807 a prime number?
True
Is 36021915907 a prime number?
False
Is 12173286127 composite?
False
Is 67511469 a prime number?
False
Is 30434683523 a prime number?
True
Is 784605343 composite?
True
Is 673672313 a prime number?
False
Is 320556007 composite?
True
Is 16759640771 composite?
True
Is 934406387 a prime number?
True
Is 13054402489 a composite number?
False
Is 1157707517 composite?
False
Is 387947984469 prime?
False
Is 213294221 a prime number?
False
Is 1100017147 prime?
False
Is 10151484253 a composite number?
False
Is 6608759957 a prime number?
True
Is 1591665123 a composite number?
True
Is 133669105071 a prime number?
False
Is 2702714221 a composite number?
False
Is 874540627 prime?
True
Is 115469755613 prime?
False
Is 28253303101 a composite number?
True
Is 597582717 composite?
True
Is 363851101 prime?
False
Is 61196469557 composite?
True
Is 99902320247 prime?
True
Is 346557007 composite?
True
Is 14762801 prime?
True
Is 14342357009 prime?
True
Is 1965095599 a composite number?
False
Is 40244815187 a composite number?
True
Is 23613449 composite?
False
Is 170787309097 a prime number?
True
Is 9722104811 prime?
True
Is 1486458719 a composite number?
False
Is 422076079 a composite number?
False
Is 67128034549 a composite number?
False
Is 1086997523 prime?
True
Is 56078408297 a composite number?
False
Is 1720004309 prime?
False
Is 2973395423 prime?
True
Is 6765595021 a prime number?
True
Is 30124529999 a prime number?
False
Is 39482983 prime?
True
Is 580030729 composite?
False
Is 3063863931 prime?
False
Is 42589717 a prime number?
False
Is 16256030347 a prime number?
True
Is 278730983 a composite number?
True
Is 301769898239 a prime number?
True
Is 10617162518 a composite number?
True
Is 8744822033 a composite number?
False
Is 97275505 prime?
False
Is 387721109 composite?
True
Is 533809601 a composite number?
True
Is 25395675553 composite?
False
Is 3501078463 prime?
False
Is 6559170473 prime?
False
Is 1085060843 a composite number?
False
Is 180736740431 a prime number?
False
Is 359484553 a composite number?
True
Is 67849501 a prime number?
True
Is 12868661885 a prime number?
False
Is 2323954679 prime?
True
Is 723598661 a prime number?
True
Is 146743609 prime?
False
Is 1311893105 prime?
False
Is 4083740729 a composite number?
True
Is 874151303 a prime number?
False
Is 6703717567 a prime number?
True
Is 8147579771 a composite number?
False
Is 8241258383 a prime number?
True
Is 21050568091 composite?
True
Is 6446095693 a composite number?
True
Is 1995941767 prime?
False
Is 1356815143 composite?
False
Is 3020938051 composite?
False
Is 17020843691 prime?
False
Is 13063085011 a prime number?
False
Is 42888509 a prime number?
False
Is 5661564917 composite?
False
Is 12904872587 composite?
True
Is 4813257001 prime?
False
Is 1053725117 a prime number?
True
Is 87754892749 composite?
False
Is 2112819409 a prime number?
True
Is 13745318671 composite?
True
Is 312644939 composite?
True
Is 17180469641 a composite number?
False
Is 10858980943 a composite number?
True
Is 652085299 prime?
False
Is 309574631 composite?
False
Is 1094412023 a composite number?
True
Is 13205308645 composite?
True
Is 593150849 a prime number?
True
Is 921094093 prime?
True
Is 225664991 composite?
True
Is 4853639083 prime?
False
Is 48564727109 a composite number?
False
Is 71142037 a composite number?
False
Is 1117493687 prime?
True
Is 1850846783 a composite number?
True
Is 1648255291 a composite number?
False
Is 1640209315 composite?
True
Is 4601554193 composite?
True
Is 6452208211 a composite number?
True
Is 4647642199 composite?
False
Is 486073490089 a prime number?
False
Is 113320619569 composite?
False
Is 48618082321 a composite number?
True
Is 27411704183 a prime number?
True
Is 248995715 a prime number?
False
Is 27141674999 a prime number?
True
Is 52382413169 prime?
True
Is 32710023823 prime?
True
Is 4163664913 prime?
False
Is 2363086529 a composite number?
False
Is 42854497951 composite?
False
Is 32354559665 a prime number?
False
Is 76069106129 a prime number?
True
Is 2456807201 a composite number?
False
Is 7090323335 composite?
True
Is 22367923889 composite?
False
Is 2149227887 a prime number?
True
Is 15714637453 prime?
True
Is 70556075761 composite?
True
Is 240061411 a composite number?
False
Is 956116211 a prime number?
True
Is 4119852697 composite?
False
Is 7581868703 a composite number?
False
Is 550532711 a composite number?
False
Is 95275775759 prime?
False
Is 22036503869 a composite number?
True
Is 17544870509 a composite number?
False
Is 3056701273 prime?
True
Is 57595318931 a composite number?
False
Is 2515276019 composite?
True
Is 2252851847 a composite number?
True
Is 1472374853 prime?
False
Is 4072453717 composite?
True
Is 8931463757 composite?
True
Is 1585247453 a prime number?
True
Is 38761861631 a prime number?
False
Is 271713137 a prime number?
True
Is 1176503647 composite?
True
Is 8676337003 prime?
True
Is 57807233269 a prime number?
False
Is 224463523 composite?
False
Is 33246094039 composite?
False
Is 4444794257 a prime number?
False
Is 3642678505 a composite number?
True
Is 49009125031 composite?
False
Is 2386025069 composite?
False
Is 2504310911 a composite number?
False
Is 114387552385 a composite number?
True
Is 23599673369 a composite number?
True
Is 711504463 a composite number?
False
Is 912459727 a prime number?
False
Is 10176628697 a composite number?
False
Is 9354684205 composite?
True
Is 20523731477 a prime number?
False
Is 841694023 composite?
False
Is 8974403299 prime?
True
Is 771105095755 a composite number?
True
Is 1132749971 prime?
True
Is 307810751 composite?
False
Is 336078679 composite?
True
Is 39028139771 a composite number?
True
Is 2985942581 prime?
True
Is 2166909113 a composite number?
False
Is 317406059 composite?
False
Is 26073019499 composite?
False
Is 10626600923 prime?
True
Is 248440247579 a composite number?
False
Is 27744506747 prime?
True
Is 318879833 composite?
False
Is 88820267477 a prime number?
True
Is 1266870499 composite?
True
Is 17024697797 composite?
False
Is 263818703 a prime number?
False
Is 19282537597 a prime number?
True
Is 67594939973 composite?
True
Is 337962419 composite?
False
Is 540496133 prime?
True
Is 18239606237 a prime number?
True
Is 440493049 composite?
False
Is 6192663641 a composite number?
False
Is 35000093 prime?
False
Is 186843337 a composite number?
False
Is 3428600659 a composite number?
True
Is 12477902527 prime?
False
Is 783808001 prime?
False
Is 13274802598 prime?
False
Is 19033790983 composite?
True
Is 1097842139 a composite number?
False
Is 128280307 a composite number?
False
Is 20511723937 prime?
True
Is 3203359573 a composite number?
True
Is 43114645253 prime?
True
Is 285707864131 a prime number?
False
Is 4286759869 composite?
True
Is 13317353509 prime?
False
Is 94543907 prime?
True
Is 23305999489 a prime number?
False
Is 83197169 a composite number?
True
Is 245620723 prime?
True
Is 11613685814 a composite number?
True
Is 1762607981 composite?
True
Is 8237333887 prime?
False
Is 343402129 a prime num